{"id":4384,"date":"2021-07-22T09:03:51","date_gmt":"2021-07-22T07:03:51","guid":{"rendered":"https:\/\/www.mauriziobologna.eu\/?page_id=4384"},"modified":"2021-07-23T09:55:02","modified_gmt":"2021-07-23T07:55:02","slug":"i-miei-valori","status":"publish","type":"page","link":"https:\/\/www.mauriziobologna.eu\/?page_id=4384","title":{"rendered":"I miei Valori"},"content":{"rendered":"\n<div class=\"wp-block-columns is-layout-flex wp-container-core-columns-is-layout-9d6595d7 wp-block-columns-is-layout-flex\">\n<div class=\"wp-block-column is-layout-flow wp-block-column-is-layout-flow\">\n<h2 class=\"wp-block-heading\">Quello per cui mi batto ogni giorno<\/h2>\n\n\n\n<p>I valori fondamentali nei quali sono stato educato e nei quali mi riconosco sono: la dignit\u00e0, la libert\u00e0, l\u2019eguaglianza, la giustizia, la legalit\u00e0, la solidariet\u00e0.<br>Credo che la persona, con i suoi valori ed i suoi principi, con la sua morale e la sua ragione di esistere e di migliorarsi, sia il principio ed il fine di ogni comunit\u00e0 politica, la sola fonte della sua legittimit\u00e0. Ma che debba subordinare il proprio interesse all\u2019autorit\u00e0 legittima, accettando i vincoli necessari per la tutela dei diritti fondamentali e della libert\u00e0 di tutti.<br>Senza legge e ordine non ci pu\u00f2 essere libert\u00e0. Considero vera libert\u00e0 l\u2019autonomia non svincolata dalla responsabilit\u00e0 nei confronti della comunit\u00e0 e delle generazioni future, cui tutti siamo tenuti a rendere conto.<br>Credo nella dignit\u00e0 della persona umana e nel ruolo che la scienza debba svolgere al servizio della persona.<br>E m\u2019impegno personalmente perch\u00e9 nella societ\u00e0 nessuno rimanga indietro. Perch\u00e9 ad ogni persona sia riconosciuto il suo valore inestimabile, perch\u00e9 il \u2018ben-essere\u2019 di ogni cittadino possa tradursi nel \u2018ben-essere\u2019 di tutta la societ\u00e0.<br>Considero la famiglia, elemento fondamentale della societ\u00e0, cellula base dello Stato, il \u2018luogo\u2019 privilegiato dei rapporti interpersonali, a tutela anche dei pi\u00f9 deboli: anziani, diversamente abili, giovani.<br>Alla famiglia va il merito di assicurare la continuit\u00e0 demografica (anche attraverso la tutela del diritto alla vita) e la stabilit\u00e0 sociale. E ad essa, oltre che alla scuola, spetta il delicato compito di educare i futuri cittadini.<br>Credo nel rispetto della persona umana, nella responsabilit\u00e0 sociale e personale, nel dovere dello Stato all\u2019assistenza sociale, nella solidariet\u00e0 in tutte le sue molteplici espressioni, nel ruolo fondamentale del volontariato e delle sue varie forme di associazioni senza scopo di lucro, nella sua azione incisiva.<br>Credo che ognuno di noi abbia il dovere di impegnarsi responsabilmente attraverso il proprio lavoro, la sua professione, il suo ruolo familiare e sociale.<br>Mi impegno in prima persona per una societ\u00e0 nella quale tutti, anche i pi\u00f9 deboli, possano godere di un livello di vita adeguato. E credo che sia dovere fondamentale della societ\u00e0 e dello Stato aiutare coloro che da soli non sono in grado di raggiungere questo obiettivo.<br>Credo che sia doveroso assicurare l\u2019effettiva parit\u00e0 tra uomo e donna, rimuovendo gli ostacoli di qualsiasi natura che ne limitino l\u2019accesso all\u2019istruzione, al lavoro e alle pi\u00f9 alte responsabilit\u00e0 nel pubblico e nel privato.<br>Ritengo che ciascuno di noi debba contribuire alla costruzione della pace e al dialogo tra i popoli.<br>E, per assicurare una convivenza pacifica costruttiva, credo nel ruolo insostituibile delle Organizzazioni sopranazionali, dello Stato, della Regione e degli altri Enti locali.<br>Sono convinto che la politica debba recuperare il suo valore etimologico: essere al servizio dei cittadini, non i cittadini al servizio della politica e che essa debba essere fondata pi\u00f9 sui valori che sugli interessi.<br>Credo che tra i compiti dei politici ci debba essere quello di sostenere e promuovere qualitativamente la vita dei singoli, delle famiglie e delle comunit\u00e0.<\/p>\n<\/div>\n\n\n\n<div class=\"wp-block-column is-layout-flow wp-block-column-is-layout-flow\">\n<h2 class=\"wp-block-heading\">nella vita e nel lavoro<\/h2>\n\n\n\n<div id=\"skillbar_straight\" style=\"padding:10px 0;\">\n    <div class=\"skillbar clearfix\" data-percent=\"100%\" style=\"background: #eeeeee;\">\r\n\t\t\t\t<div class=\"skillbar-title\" style=\"background: #f7a53b !important;\"><span>Solidariet\u00e0<\/span><\/div>\r\n\t\t\t\t<div class=\"skillbar-bar\" style=\"background: #f7a53b;\"><\/div>\r\n\t\t\t\t<div class=\"skill-bar-percent\">100%<\/div>\r\n\t\t\t<\/div>\n    <div class=\"skillbar clearfix\" data-percent=\"100%\" style=\"background: #eeeeee;\">\r\n\t\t\t\t<div class=\"skillbar-title\" style=\"background: #6adcfa !important;\"><span>Libert\u00e0<\/span><\/div>\r\n\t\t\t\t<div class=\"skillbar-bar\" style=\"background: #6adcfa;\"><\/div>\r\n\t\t\t\t<div class=\"skill-bar-percent\">100%<\/div>\r\n\t\t\t<\/div>\n    <div class=\"skillbar clearfix\" data-percent=\"100%\" style=\"background: #eeeeee;\">\r\n\t\t\t\t<div class=\"skillbar-title\" style=\"background: #fa6e6e !important;\"><span>Giustizia<\/span><\/div>\r\n\t\t\t\t<div class=\"skillbar-bar\" style=\"background: #fa6e6e;\"><\/div>\r\n\t\t\t\t<div class=\"skill-bar-percent\">100%<\/div>\r\n\t\t\t<\/div>\n    <div class=\"skillbar clearfix\" data-percent=\"100%\" style=\"background: #eeeeee;\">\r\n\t\t\t\t<div class=\"skillbar-title\" style=\"background: #336699 !important;\"><span>Eguaglianza<\/span><\/div>\r\n\t\t\t\t<div class=\"skillbar-bar\" style=\"background: #336699;\"><\/div>\r\n\t\t\t\t<div class=\"skill-bar-percent\">100%<\/div>\r\n\t\t\t<\/div>\n\n<div style=\"clear:both;\"><\/div>\n<\/div>\n<div style=\"clear:both; height:10px; overflow:hidden;\"><\/div>\n<style type=\"text\/css\">.skillbar-title{font-size:12px;color:#000;}.skill-bar-percent{font-size:11px;color:#000;}<\/style><script>\r\n\t\t\t\tfunction sbar(){\r\n\t\t\t\t\tjQuery(\".skillbar\").each(function(){\r\n\t\t\t\t\t\tjQuery(this).find(\".skillbar-bar\").animate({\r\n\t\t\t\t\t\t\twidth:jQuery(this).attr(\"data-percent\")\r\n\t\t\t\t\t\t},3000);\r\n\t\t\t\t\t});\t\r\n\t\t\t\t}\r\n\t\t\t\tif ( jQuery(\"#skillbar_straight\").next().is(\":appeared\") ){\r\n\t\t\t\t\tsbar();\r\n\t\t\t\t} else {\r\n\t\t\t\t\tjQuery( window ).scroll(function() {\r\n\t\t\t\t\t\tif ( jQuery(\"#skillbar_straight\").next().is(\":appeared\") ){\r\n\t\t\t\t\t\t\tsbar();\r\n\t\t\t\t\t\t}\r\n\t\t\t\t\t});\r\n\t\t\t\t}\r\n\t\t\t\t<\/script>\n<\/div>\n<\/div>\n","protected":false},"excerpt":{"rendered":"<p>Quello per cui mi batto ogni giorno I valori fondamentali nei quali sono stato educato e nei quali mi riconosco &hellip; <a href=\"https:\/\/www.mauriziobologna.eu\/?page_id=4384\" class=\"more-link\"><span class=\"more-button\">Scopri di pi\u00f9<span class=\"screen-reader-text\">I miei Valori<\/span><\/span><\/a><\/p>\n","protected":false},"author":1,"featured_media":0,"parent":0,"menu_order":0,"comment_status":"closed","ping_status":"closed","template":"templates\/full-width-page.php","meta":{"_eb_attr":"","ngg_post_thumbnail":0,"footnotes":""},"class_list":["post-4384","page","type-page","status-publish","hentry"],"_links":{"self":[{"href":"https:\/\/www.mauriziobologna.eu\/index.php?rest_route=\/wp\/v2\/pages\/4384","targetHints":{"allow":["GET"]}}],"collection":[{"href":"https:\/\/www.mauriziobologna.eu\/index.php?rest_route=\/wp\/v2\/pages"}],"about":[{"href":"https:\/\/www.mauriziobologna.eu\/index.php?rest_route=\/wp\/v2\/types\/page"}],"author":[{"embeddable":true,"href":"https:\/\/www.mauriziobologna.eu\/index.php?rest_route=\/wp\/v2\/users\/1"}],"replies":[{"embeddable":true,"href":"https:\/\/www.mauriziobologna.eu\/index.php?rest_route=%2Fwp%2Fv2%2Fcomments&post=4384"}],"version-history":[{"count":8,"href":"https:\/\/www.mauriziobologna.eu\/index.php?rest_route=\/wp\/v2\/pages\/4384\/revisions"}],"predecessor-version":[{"id":4606,"href":"https:\/\/www.mauriziobologna.eu\/index.php?rest_route=\/wp\/v2\/pages\/4384\/revisions\/4606"}],"wp:attachment":[{"href":"https:\/\/www.mauriziobologna.eu\/index.php?rest_route=%2Fwp%2Fv2%2Fmedia&parent=4384"}],"curies":[{"name":"wp","href":"https:\/\/api.w.org\/{rel}","templated":true}]}}